00
In base 11, what is -1 - 310?
-311
In base 10, what is -6640 + 0?
-6640
In base 7, what is -15 - -22?
4
In base 7, what is -12 - 1?
-13
In base 15, what is -3 - -9?
6
In base 14, what is -5 + 25d?
258
In base 7, what is 0 + -115?
-115
In base 4, what is 0 - -2203?
2203
In base 9, what is -1 + 17?
16
In base 10, what is -3388 + 4?
-3384
In base 5, what is 22 + 44?
121
In base 12, what is 3 + -7?
-4
In base 5, what is -22 + 413?
341
In base 9, what is -363 - 10?
-373
In base 3, what is 0 + 112221?
112221
In base 14, what is 2 + -8?
-6
In base 3, what is 1 + 1001001?
1001002
In base 11, what is -11 + -230?
-241
In base 10, what is -491 - 1?
-492
In base 12, what is -8 + -133?
-13b
In base 2, what is -10 + -1101101?
-1101111
In base 4, what is -332001 - 11?
-332012
In base 7, what is 3201 - -6?
3210
In base 3, what is -1111 - -2210?
1022
In base 12, what is -35b - 0?
-35b
In base 2, what is 11101111100 - 1101?
11101101111
In base 5, what is 403 - -2110?
3013
In base 3, what is 2022201 + -12?
2022112
In base 7, what is 16 - 24?
-5
In base 14, what is 10 - 1d?
-d
In base 16, what is 8f + -15?
7a
In base 3, what is -112011 - -11?
-112000
In base 7, what is 32 - -3?
35
In base 14, what is 18b6 - -3?
18b9
In base 7, what is -23 - 6?
-32
In base 12, what is -3 + -b6?
-b9
In base 14, what is -c96 - -2?
-c94
In base 13, what is -349 - 5?
-351
In base 4, what is -12 - -1102?
1030
In base 7, what is 520 - 43?
444
In base 5, what is -3 + -443?
-1001
In base 14, what is -84 + 103?
5d
In base 5, what is 3 - 114?
-111
In base 3, what is 0 + -11002?
-11002
In base 13, what is 9 - -32?
3b
In base 16, what is -2d - -3a?
d
In base 16, what is -11 - 25?
-36
In base 12, what is 1 - -2560?
2561
In base 5, what is 230 + -1?
224
In base 15, what is 2399 - 0?
2399
In base 10, what is -527 - -1?
-526
In base 15, what is -1543 - 2?
-1545
In base 3, what is 1011201 + 11?
1011212
In base 15, what is 98 + -4?
94
In base 13, what is 1 + 62c?
630
In base 2, what is 10100 - -1100101000?
1100111100
In base 11, what is 83 - 8?
76
In base 5, what is -3 + 1001?
443
In base 4, what is -133 + -121?
-320
In base 3, what is 2 - -2200?
2202
In base 16, what is 266 - 2?
264
In base 8, what is -14 - -2?
-12
In base 16, what is 452c - -5?
4531
In base 10, what is 2 - -311?
313
In base 9, what is 4 - 607?
-603
In base 5, what is -20 + -2203?
-2223
In base 4, what is -12 + 1?
-11
In base 10, what is 40 + -3?
37
In base 14, what is -1 - 81?
-82
In base 6, what is -5 - -4141?
4132
In base 10, what is -2941 - -1?
-2940
In base 3, what is -11 - -1122201?
1122120
In base 2, what is 11 - -1001001?
1001100
In base 14, what is -16 + -8?
-20
In base 16, what is 0 + 44?
44
In base 7, what is 365 + 35?
433
In base 13, what is -1 + -156?
-157
In base 3, what is 10 + -121101?
-121021
In base 15, what is -63 - -32?
-31
In base 4, what is 110 - 1101?
-331
In base 12, what is 2 - 20?
-1a
In base 14, what is -16 + -d9?
-111
In base 3, what is -1211 + 21?
-1120
In base 4, what is 3 - 13011?
-13002
In base 7, what is 414 + 232?
646
In base 10, what is 3 + 64?
67
In base 16, what is -1 + -d8?
-d9
In base 13, what is -2 + -1?
-3
In base 8, what is -3 - 20?
-23
In base 8, what is 13262 - 5?
13255
In base 4, what is 10 + 31322?
31332
In base 6, what is -5 + 11421?
11412
In base 11, what is -a - 372?
-381
In base 4, what is -121130 + 3?
-121121
In base 14, what is -3 - 3b5?
-3b8
In base 2, what is -11011000100 - -1100?
-11010111000
In base 11, what is -362 - 2?
-364
In base 13, what is 7 - 1a6?
-19c
In base 12, what is 40 - 5?
37
In base 14, what is -8 + -3?
-b
In base 3, what is 202 - -11?
220
In base 4, what is -2 - -13?
11
In base 14, what is 125 - 3?
122
In base 15, what is 128 - 14?
114
In base 12, what is 73 + -1?
72
In base 5, what is -4203 + 23?
-4130
In base 15, what is 8 + 7?
10
In base 10, what is -3 + -5533?
-5536
In base 3, what is 120012 + -2?
120010
In base 16, what is -b9 - -c?
-ad
In base 9, what is -1577 - -3?
-1574
In base 4, what is 11301 - -311?
12212
In base 4, what is -331 - 23?
-1020
In base 9, what is 34 - -46?
81
In base 13, what is 192 - 5?
18a
In base 8, what is 23344 + -2?
23342
In base 3, what is -112020 - 11?
-112101
In base 13, what is -3 + -8?
-b
In base 16, what is -21 - -2?
-1f
In base 8, what is 101 + 1?
102
In base 6, what is 0 + -301?
-301
In base 9, what is 12 + 126?
138
In base 11, what is -1 + aa3?
aa2
In base 13, what is -3 + -512?
-515
In base 7, what is 1 + 2215?
2216
In base 13, what is -b - 11?
-1c
In base 7, what is -5 + 4365?
4360
In base 8, what is 1 - -36?
37
In base 2, what is -10 - -110111100?
110111010
In base 8, what is 1677 + -5?
1672
In base 16, what is 15 + -9?
c
In base 13, what is 7 - -8?
12
In base 11, what is -24 + -79?
-a2
In base 5, what is -24 + -22212?
-22241
In base 15, what is 25 + 29b?
2c1
In base 15, what is -11 - 31c?
-32d
In base 12, what is -27 - -12?
-15
In base 3, what is -1 - -20011?
20010
In base 6, what is -2352 - 5?
-2401
In base 16, what is -2 - e7?
-e9
In base 12, what is -16 - -404?
3aa
In base 5, what is -23 + 100?
22
In base 6, what is -40 + 1453?
1413
In base 6, what is -4 - 13213?
-13221
In base 15, what is 24e - 4?
24a
In base 15, what is -15d - 1?
-15e
In base 13, what is -1a6c + 0?
-1a6c
In base 6, what is -3 - 325?
-332
In base 15, what is -7 - 154e?
-1556
In base 13, what is 4 - c?
-8
In base 12, what is 102 + -42?
80
In base 10, what is -27 - 4?
-31
In base 10, what is 7567 - -3?
7570
In base 13, what is -6 + 1477?
1471
In base 4, what is 223320 - 1?
223313
In base 16, what is b4 + -5?
af
In base 6, what is -31 + -13?
-44
In base 7, what is 112 - -265?
410
In base 11, what is 4 - 127?
-123
In base 13, what is 6a8 - -1?
6a9
In base 14, what is d - b7?
-a8
In base 15, what is -4 + 121?
11c
In base 10, what is 28 - -7?
35
In base 11, what is -2431 - -3?
-2429
In base 11, what is 1 - -58a?
590
In base 13, what is 12 - -c?
21
In base 10, what is -69 + -9?
-78
In base 11, what is -21 + -292?
-303
In base 16, what is -3 - 113?
-116
In base 3, what is 120 - -2?
122
In base 11, what is -1 - -2a?
29
In base 15, what is -2 - -581?
57e
In base 6, what is 5 + 214?
223
In base 10, what is -1274 + 5?
-1269
In base 7, what is 6242 - 1?
6241
In base 6, what is 3 - -21?
24
In base 16, what is -1 - 6?
-7
In base 7, what is 2013 + 5?
2021
In base 5, what is -24 - -1430?
1401
In base 2, what is 100100100 + -100010?
100000010
In base 12, what is 396 + 0?
396
In base 6, what is -3141 + 0?
-3141
In base 4, what is 2001 - -3?
2010
In base 12, what is 10073 - 5?
1006a
In base 2, what is -100 + -11101010011?
-11101010111
In base 7, what is -166115 + -3?
-166121
In base 8, what is -36 + -10?
-46
In base 11, what is -4 + -66?
-6a
In base 5, what is -1 + -2401?
-2402
In base 14, what is b - -15?
22
In base 12, what is 0 + 24?
24
In base 8, what is 5 - 27?
-22
In base 13, what is 12 + 15?
27
In base 12, what is -5b8 + -1?
-5b9
In base 2, what is 1010 - 110?
100
In base 7, what is -33156 - -5?
-33151
In base 8, what is 17 - 7?
10
In base 8, what is 0 - 7555?
-7555
In base 13, what is -17 - -12a?
113
In base 2, what is 101010 + 1111?
111001
In base 10, what is 9 + 1288?
1297
In base 8, what is 1 + -2166?
-2165
In base 2, what is 100 + -1101001100?
-1101001000
In base 4, what is 10031 - -11?
10102
In base 8, what is 4 + 1000?
1004
In base 2, what is 10 - 10100111111?
-10100111101
In base 8, what is 13344 - -4?
13350
In base 8, what is 552 + -2?
550
In base 7, what is 35205 + -5?
35200
In base 3, what is -1212 - 2?
-1221
In base 4, what is 110111 + -3?
110102
In base 16, what is 18cb - -4?
18cf
In base 3, what is -1101112 - -1?
-1101111
In base 13, what is -3 - c2a?
-c30
In base 9, what is -7402 + -2?
-7404
In base 8, what is -132 + 41?
-71
In base 9, what is -3 - 12?
-15
In base 7, what is -4 + 2650?
2643
In base 9, what is 4 + -114?
-110
In base 14, what is -213d + 4?
-2139
In base 5, what is 2 - -23?
30
In base 13, what is 2 + -26?
-24
In base 3, what is 2121012 + 1?
2121020
In base 6, what is -4 - 11530?
-11534
In base 14, what is 4 + 4d?
53
In base 13, what is -6b + 153?
b5
In base 6, what is 40 - 10?
30
In base 14, what is -94 - -7?
-8b
In base 9, what is 48 + 5?
54
In base 4, what is -2 - -113?
111
In base 5, what is -4 - -12011?
12002
In base 6,